nits digit of 8335259?
9
What is the tens digit of 46861?
6
What is the millions digit of 7184117?
7
What is the units digit of 1554846?
6
What is the hundred thousands digit of 6638147?
6
What is the units digit of 8714125?
5
What is the units digit of 5360066?
6
What is the hundreds digit of 175848?
8
What is the thousands digit of 9882596?
2
What is the units digit of 401062?
2
What is the ten thousands digit of 834236?
3
What is the hundred thousands digit of 983790?
9
What is the hundred thousands digit of 334150?
3
What is the ten thousands digit of 4314734?
1
What is the units digit of 18778272?
2
What is the hundreds digit of 4515701?
7
What is the units digit of 417280?
0
What is the tens digit of 1207835?
3
What is the ten thousands digit of 553459?
5
What is the units digit of 3381122?
2
What is the thousands digit of 414850?
4
What is the hundred thousands digit of 1032546?
0
What is the thousands digit of 900919?
0
What is the tens digit of 12438433?
3
What is the millions digit of 5882001?
5
What is the millions digit of 1019545?
1
What is the hundred thousands digit of 236664?
2
What is the units digit of 1920992?
2
What is the tens digit of 3287?
8
What is the units digit of 160422?
2
What is the thousands digit of 9555406?
5
What is the tens digit of 9404809?
0
What is the hundred thousands digit of 5020917?
0
What is the ten thousands digit of 553226?
5
What is the thousands digit of 162728?
2
What is the thousands digit of 301654?
1
What is the hundreds digit of 1524201?
2
What is the units digit of 159743?
3
What is the hundred thousands digit of 8601513?
6
What is the hundreds digit of 410775?
7
What is the hundred thousands digit of 2647121?
6
What is the tens digit of 190147?
4
What is the hundred thousands digit of 597019?
5
What is the tens digit of 3653759?
5
What is the units digit of 5762480?
0
What is the thousands digit of 6941579?
1
What is the hundreds digit of 177841?
8
What is the tens digit of 225650?
5
What is the units digit of 10275028?
8
What is the tens digit of 15439700?
0
What is the tens digit of 303422?
2
What is the ten thousands digit of 516022?
1
What is the units digit of 569330?
0
What is the thousands digit of 140959?
0
What is the hundreds digit of 923454?
4
What is the tens digit of 1340818?
1
What is the hundred thousands digit of 133473?
1
What is the millions digit of 3262809?
3
What is the ten thousands digit of 444055?
4
What is the hundreds digit of 818005?
0
What is the units digit of 6394603?
3
What is the hundred thousands digit of 380385?
3
What is the hundreds digit of 922467?
4
What is the tens digit of 880213?
1
What is the tens digit of 12273044?
4
What is the ten thousands digit of 8566590?
6
What is the tens digit of 870718?
1
What is the tens digit of 7317350?
5
What is the units digit of 15936415?
5
What is the ten millions digit of 18130438?
1
What is the thousands digit of 41152077?
2
What is the tens digit of 563758?
5
What is the units digit of 560140?
0
What is the hundreds digit of 567424?
4
What is the thousands digit of 276980?
6
What is the tens digit of 145314?
1
What is the hundreds digit of 223430?
4
What is the ten thousands digit of 16408514?
0
What is the millions digit of 16161127?
6
What is the thousands digit of 463467?
3
What is the hundreds digit of 47994?
9
What is the thousands digit of 2852402?
2
What is the thousands digit of 2167945?
7
What is the hundreds digit of 4525921?
9
What is the hundred thousands digit of 2790662?
7
What is the ten thousands digit of 7451994?
5
What is the units digit of 125695?
5
What is the units digit of 114098?
8
What is the units digit of 608717?
7
What is the units digit of 863255?
5
What is the thousands digit of 1708110?
8
What is the ten thousands digit of 5084679?
8
What is the hundred thousands digit of 7313277?
3
What is the hundreds digit of 450339?
3
What is the hundred thousands digit of 462296?
4
What is the hundred thousands digit of 5299764?
2
What is the thousands digit of 4297652?
7
What is the thousands digit of 62886?
2
What is the units digit of 402579?
9
What is the hundred thousands digit of 13933660?
9
What is the thousands digit of 107940?
7
What is the tens digit of 685162?
6
What is the tens digit of 180027?
2
What is the hundreds digit of 67995?
9
What is the tens digit of 348495?
9
What is the units digit of 57487?
7
What is the thousands digit of 2950?
2
What is the thousands digit of 19492044?
2
What is the units digit of 1909184?
4
What is the hundreds digit of 738710?
7
What is the tens digit of 11448877?
7
What is the tens digit of 827682?
8
What is the thousands digit of 778637?
8
What is the hundred thousands digit of 8571522?
5
What is the hundred thousands digit of 439914?
4
What is the millions digit of 2797236?
2
What is the hundreds digit of 17735460?
4
What is the hundreds digit of 696894?
8
What is the hundreds digit of 296282?
2
What is the hundred thousands digit of 1076571?
0
What is the tens digit of 1044972?
7
What is the units digit of 16555634?
4
What is the hundreds digit of 3251466?
4
What is the thousands digit of 38410689?
0
What is the hundred thousands digit of 308650?
3
What is the thousands digit of 172020?
2
What is the tens digit of 1796514?
1
What is the tens digit of 6165232?
3
What is the tens digit of 6214224?
2
What is the hundred thousands digit of 4640592?
6
What is the hundreds digit of 2475721?
7
What is the hundred thousands digit of 2192525?
1
What is the millions digit of 6988081?
6
What is the ten thousands digit of 5160857?
6
What is the tens digit of 1025224?
2
What is the hundred thousands digit of 1941509?
9
What is the hundred thousands digit of 14581814?
5
What is the units digit of 853060?
0
What is the tens digit of 305852?
5
What is the hundreds digit of 3622695?
6
What is the hundred thousands digit of 7779720?
7
What is the hundred thousands digit of 3000721?
0
What is the thousands digit of 309595?
9
What is the thousands digit of 3256766?
6
What is the thousands digit of 424213?
4
What is the hundreds digit of 568913?
9
What is the hundreds digit of 176187?
1
What is the millions digit of 1060069?
1
What is the millions digit of 16311636?
6
What is the millions digit of 1156756?
1
What is the hundred thousands digit of 995442?
9
What is the tens digit of 158401?
0
What is the hundred thousands digit of 22634000?
6
What is the ten millions digit of 12803455?
1
What is the hundred thousands digit of 4840396?
8
What is the units digit of 8439444?
4
What is the thousands digit of 297951?
7
What is the units digit of 227612?
2
What is the tens digit of 9330831?
3
What is the tens digit of 19100063?
6
What is the hundreds digit of 976072?
0
What is the ten thousands digit of 6572218?
7
What is the millions digit of 2010034?
2
What is the hundreds digit of 107913?
9
What is the hundred thousands digit of 2422106?
4
What is the ten thousands digit of 4402207?
0
What is the units digit of 4158179?
9
What is the tens digit of 182097?
9
What is the hundreds digit of 516127?
1
What is the tens digit of 2775449?
4
What is the hundreds digit of 40969?
9
What is the hundreds digit of 201748?
7
What is the hundreds digit of 2107679?
6
What is the tens digit of 17155740?
4
What is the hundreds digit of 761046?
0
What is the ten thousands digit of 4536893?
3
What is the ten thousands digit of 4502362?
0
What is the hundreds digit of 1142720?
7
What is the ten thousands digit of 874970?
7
What is the ten thousands digit of 101121?
0
What is the units digit of 3943873?
3
What is the hundred thousands digit of 2997646?
9
What is the tens digit of 10222452?
5
What is the tens digit of 428645?
4
What is the millions digit of 2001546?
2
What is the units digit of 1079468?
8
What is the tens digit of 7547908?
0
What is the hundreds digit of 283317?
3
What is the hundreds digit of 29653991?
9
What is the hundred thousands digit of 4073112?
0
What is the hundred thousands digit of 2654307?
6
What is the millions digit of 1429308?
1
What is the ten thousands digit of 19440366?
4
What is the thousands digit of 4328764?
8
What is the hundred thousands digit of 9638048?
6
What is the units digit of 34088010?
0
What is the ten thousands digit of 2161730?
6
What is 